What is the hundreds digit of 1203?
2
What is the tens digit of 1336?
3
What is the hundreds digit of 54581?
5
What is the thousands digit of 99063?
9
What is the hundreds digit of 21742?
7
What is the thousands digit of 1449?
1
What is the ten thousands digit of 32257?
3
What is the units digit of 20741?
1
What is the ten thousands digit of 17942?
1
What is the hundreds digit of 40468?
4
What is the hundreds digit of 16704?
7
What is the units digit of 3023?
3
What is the tens digit of 1321?
2
What is the tens digit of 65156?
5
What is the hundreds digit of 3610?
6
What is the hundreds digit of 61329?
3
What is the hundreds digit of 12643?
6
What is the tens digit of 119?
1
What is the units digit of 622?
2
What is the tens digit of 1045?
4
What is the tens digit of 3553?
5
What is the units digit of 3243?
3
What is the hundreds digit of 1265?
2
What is the thousands digit of 42261?
2
What is the hundreds digit of 16491?
4
What is the hundreds digit of 1218?
2
What is the tens digit of 19314?
1
What is the hundreds digit of 902?
9
What is the thousands digit of 33200?
3
What is the units digit of 1439?
9
What is the thousands digit of 43336?
3
What is the units digit of 6113?
3
What is the ten thousands digit of 37157?
3
What is the hundreds digit of 2690?
6
What is the hundreds digit of 8910?
9
What is the units digit of 1855?
5
What is the tens digit of 27694?
9
What is the thousands digit of 1268?
1
What is the thousands digit of 7274?
7
What is the units digit of 6104?
4
What is the hundreds digit of 22333?
3
What is the tens digit of 11203?
0
What is the tens digit of 50280?
8
What is the tens digit of 1281?
8
What is the tens digit of 10955?
5
What is the thousands digit of 11497?
1
What is the hundreds digit of 39381?
3
What is the hundreds digit of 20825?
8
What is the units digit of 117675?
5
What is the tens digit of 3115?
1
What is the thousands digit of 24917?
4
What is the ten thousands digit of 46964?
4
What is the thousands digit of 71314?
1
What is the hundreds digit of 4448?
4
What is the thousands digit of 39760?
9
What is the units digit of 12864?
4
What is the tens digit of 244?
4
What is the thousands digit of 3606?
3
What is the hundreds digit of 628?
6
What is the units digit of 513?
3
What is the thousands digit of 1469?
1
What is the ten thousands digit of 53340?
5
What is the units digit of 31625?
5
What is the hundreds digit of 31429?
4
What is the ten thousands digit of 30331?
3
What is the units digit of 5816?
6
What is the thousands digit of 3236?
3
What is the tens digit of 40785?
8
What is the hundreds digit of 2244?
2
What is the tens digit of 1092?
9
What is the units digit of 15405?
5
What is the thousands digit of 2181?
2
What is the tens digit of 2267?
6
What is the tens digit of 574?
7
What is the tens digit of 1747?
4
What is the tens digit of 370?
7
What is the hundreds digit of 3181?
1
What is the units digit of 2212?
2
What is the units digit of 4927?
7
What is the ten thousands digit of 17609?
1
What is the thousands digit of 25434?
5
What is the units digit of 5492?
2
What is the units digit of 2474?
4
What is the hundreds digit of 594?
5
What is the thousands digit of 59689?
9
What is the thousands digit of 6901?
6
What is the hundreds digit of 3267?
2
What is the thousands digit of 10222?
0
What is the units digit of 6070?
0
What is the thousands digit of 90180?
0
What is the units digit of 26062?
2
What is the hundreds digit of 8389?
3
What is the thousands digit of 3569?
3
What is the units digit of 395?
5
What is the hundreds digit of 203?
2
What is the hundreds digit of 5937?
9
What is the tens digit of 28257?
5
What is the thousands digit of 3425?
3
What is the units digit of 759?
9
What is the tens digit of 4095?
9
What is the thousands digit of 3445?
3
What is the tens digit of 12632?
3
What is the hundreds digit of 677?
6
What is the tens digit of 7552?
5
What is the thousands digit of 4492?
4
What is the ten thousands digit of 13225?
1
What is the tens digit of 9147?
4
What is the units digit of 8061?
1
What is the tens digit of 219?
1
What is the hundreds digit of 4832?
8
What is the tens digit of 6846?
4
What is the units digit of 48?
8
What is the units digit of 500?
0
What is the thousands digit of 2373?
2
What is the tens digit of 5425?
2
What is the tens digit of 30173?
7
What is the units digit of 20590?
0
What is the tens digit of 3283?
8
What is the thousands digit of 1073?
1
What is the units digit of 1540?
0
What is the tens digit of 422?
2
What is the hundreds digit of 12919?
9
What is the tens digit of 208?
0
What is the thousands digit of 49293?
9
What is the units digit of 194537?
7
What is the thousands digit of 31399?
1
What is the ten thousands digit of 40417?
4
What is the thousands digit of 1632?
1
What is the units digit of 1016?
6
What is the thousands digit of 3690?
3
What is the units digit of 9039?
9
What is the units digit of 4873?
3
What is the ten thousands digit of 18953?
1
What is the hundreds digit of 5335?
3
What is the tens digit of 40823?
2
What is the units digit of 3026?
6
What is the hundreds digit of 8428?
4
What is the hundreds digit of 1341?
3
What is the tens digit of 61?
6
What is the tens digit of 4620?
2
What is the thousands digit of 2469?
2
What is the units digit of 84918?
8
What is the tens digit of 632?
3
What is the thousands digit of 20550?
0
What is the hundreds digit of 21134?
1
What is the thousands digit of 8465?
8
What is the hundreds digit of 1265?
2
What is the tens digit of 35279?
7
What is the ten thousands digit of 13784?
1
What is the units digit of 102196?
6
What is the hundred thousands digit of 113208?
1
What is the tens digit of 980?
8
What is the tens digit of 49151?
5
What is the tens digit of 3688?
8
What is the hundreds digit of 27895?
8
What is the thousands digit of 14154?
4
What is the tens digit of 8437?
3
What is the hundreds digit of 3682?
6
What is the ten thousands digit of 46180?
4
What is the tens digit of 5010?
1
What is the thousands digit of 1844?
1
What is the ten thousands digit of 91981?
9
What is the thousands digit of 96861?
6
What is the ten thousands digit of 80924?
8
What is the hundreds digit of 935?
9
What is the tens digit of 607?
0
What is the hundreds digit of 2768?
7
What is the units digit of 22194?
4
What is the units digit of 42912?
2
What is the hundreds digit of 1484?
4
What is the units digit of 4242?
2
What is the tens digit of 15?
1
What is the thousands digit of 6963?
6
What is the units digit of 8646?
6
What is the tens digit of 888?
8
What is the units digit of 18470?
0
What is the hundreds digit of 28105?
1
What is the thousands digit of 2848?
2
What is the hundred thousands digit of 184875?
1
What is the units digit of 6386?
6
What is the units digit of 1286?
6
What is the units digit of 45941?
1
What is the tens digit of 613?
1
What is the units digit of 1034?
4
What is the tens digit of 14335?
3
What is the units digit of 1888?
8
What is the ten thousands digit of 12741?
1
What is the units digit of 742?
2
What is the units digit of 6585?
5
What is the hundreds digit of 5344?
3
What is the tens digit of 103671?
7
What is the thousands digit of 1831?
1
What is the thousands digit of 3021?
3
What is the hundreds digit of 6536?
5
What is the units digit of 3088?
8
What is the hundreds digit of 9163?
1
What is the hundreds digit of 734?
7
What is the tens digit of 1449?
4
What is the units digit of 4386?
6
What is the units digit of 179740?
0
What is the thousands digit of 58224?
8
What is the units digit of 81473?
3
What is the units digit of 593?
3
What is the thousands digit of 73227?
3
What is the tens digit of 1556?
5
What is the tens digit of 2125?
2
What is the hundreds digit of 77761?
7
What is the hundreds digit of 4750?
7
What is the units digit of 869?
9
What is the ten thousands digit of 21788?
2
What is the hundreds digit of 646?
6
What is the tens digit of 2422?
2
What is the units digit of 3953?
3
What is the hundreds digit of 13456?
4
What is the tens digit of 1353?
5
What is the tens digit of 84104?
0
What is the thousands digit of 34013?
4
What is the hundreds digit of 4912?
9
What is the tens digit of 7285?
8
What is the units digit of 9?
9
What is the thousa